{"id":13857,"date":"2023-12-13T15:31:27","date_gmt":"2023-12-13T15:31:27","guid":{"rendered":"https:\/\/swietyjerzy.elblag.pl\/?page_id=13857"},"modified":"2023-12-13T15:31:28","modified_gmt":"2023-12-13T15:31:28","slug":"mniszki-klaryski-od-wieczystej-adoracji","status":"publish","type":"page","link":"https:\/\/swietyjerzy.elblag.pl\/index.php\/mniszki-klaryski-od-wieczystej-adoracji\/","title":{"rendered":"Mniszki Klaryski od Wieczystej Adoracji"},"content":{"rendered":"\n<figure class=\"wp-block-image size-full\"><img fetchpriority=\"high\" decoding=\"async\" width=\"768\" height=\"1024\" src=\"https:\/\/swietyjerzy.elblag.pl\/wp-content\/uploads\/2023\/12\/17.jpg\" alt=\"\" class=\"wp-image-13858\" srcset=\"https:\/\/swietyjerzy.elblag.pl\/wp-content\/uploads\/2023\/12\/17.jpg 768w, https:\/\/swietyjerzy.elblag.pl\/wp-content\/uploads\/2023\/12\/17-225x300.jpg 225w\" sizes=\"(max-width: 768px) 100vw, 768px\" \/><figcaption class=\"wp-element-caption\">OLYMPUS DIGITAL CAMERA<\/figcaption><\/figure>\n\n\n\n<p><strong>Klasztor Mniszek Klarysek od Wieczystej Adoracji<\/strong>\u00a0istnieje w Elbl\u0105gu od 1960 roku. Pocz\u0105tkowo mie\u015bci\u0142 si\u0119 przy ulicy Tczewskiej w jednej z willi. W 1997 roku siostry przenios\u0142y si\u0119 do klasztoru, przy ulicy Bema, buduj\u0105c nowy klasztor przy \u015bredniowiecznym ko\u015bciele \u015bw. Jerzego. Za murami klasztoru \u017cyje kilkana\u015bcie si\u00f3str. Decyzja o zostaniu klarysk\u0105 i wytrwanie w tym postanowieniu nie jest \u0142atwe. Odci\u0119cie si\u0119 od \u015bwiata, modlitwa w dzie\u0144, a nawet w nocy nie oznacza, \u017ce wiar\u0119 mamy dan\u0105 i nie musimy o ni\u0105 walczy\u0107 . Przychodz\u0105 tak\u017ce chwile zw\u0105tpienia. Trzeba umie\u0107 sobie z tym poradzi\u0107. Nie ka\u017cda z si\u00f3str przez t\u0119 pr\u00f3b\u0119 przechodzi zwyci\u0119sko. Pomimo przebywaniu tylko w klasztorze klaryski znaj\u0105 problemy codziennego \u017cycia za murami. Otrzymuj\u0105 tradycyjne listy, maile z pro\u015bbami o modlitw\u0119. Przewa\u017cnie w intencji udanej operacji, o zdrowie dla bliskich, prac\u0119, zgod\u0119 w rodzinie. <strong>Siostry zapraszaj\u0105 nie tylko do sk\u0142adania pr\u00f3\u015bb o modlitw\u0119, ale tak\u017ce do wsp\u00f3lnej adoracj\u0119 Naj\u015bwi\u0119tszego Sakramentu do ko\u015bcio\u0142a \u015awi\u0119tego Jerzego, znajduj\u0105cego si\u0119 obok klasztoru. Trwa ona<\/strong> <strong>od g. 6.00 rano do 20.30<\/strong>. Jest tak\u017ce mo\u017cliwo\u015b\u0107 nocnej adoracji. Gdy kto\u015b si\u0119 zdecyduje nale\u017cy skontaktowa\u0107 si\u0119 z siostrami telefonicznie. Z tej propozycji korzystaj\u0105 nie tylko elbl\u0105\u017canie, ale tak\u017ce mieszka\u0144cy innych miast. Modlitwa przed Jezusem Eucharystycznym jest spotkaniem z mi\u0142o\u015bci\u0105. W sercu rodzi si\u0119 rado\u015b\u0107, odzyskuje si\u0119 sens \u017cycia.<br><\/p>\n\n\n\n<p>Pro\u015bby o modlitw\u0119 si\u00f3str mo\u017cna przekaza\u0107 telefonicznie: 55-645-45-15<br>lub przes\u0142a\u0107 poczt\u0105 elektroniczn\u0105: http:\/\/elblag.klaryski.org\/<\/p>\n","protected":false},"excerpt":{"rendered":"<p>Klasztor Mniszek Klarysek od Wieczystej Adoracji\u00a0istnieje w Elbl\u0105gu od 1960 roku. Pocz\u0105tkowo mie\u015bci\u0142 si\u0119 przy ulicy Tczewskiej w jednej z willi. W 1997 roku siostry przenios\u0142y si\u0119 do klasztoru, przy ulicy Bema, buduj\u0105c nowy klasztor przy \u015bredniowiecznym ko\u015bciele \u015bw. Jerzego. Za murami klasztoru \u017cyje kilkana\u015bcie si\u00f3str. Decyzja o zostaniu klarysk\u0105 i wytrwanie w tym postanowieniu&#8230;<\/p>\n","protected":false},"author":1,"featured_media":0,"parent":0,"menu_order":0,"comment_status":"closed","ping_status":"closed","template":"","meta":{"_tbt_post_transparent":"","_tbt_post_title":"","_tbt_post_layout":"","_tbt_post_sidebar_id":"","_tbt_post_content_style":"","_tbt_post_vertical_padding":"","_tbt_post_feature":"","_tbt_post_feature_position":"","_tbt_post_header":false,"_tbt_post_footer":false},"class_list":["post-13857","page","type-page","status-publish","hentry"],"_links":{"self":[{"href":"https:\/\/swietyjerzy.elblag.pl\/index.php\/wp-json\/wp\/v2\/pages\/13857","targetHints":{"allow":["GET"]}}],"collection":[{"href":"https:\/\/swietyjerzy.elblag.pl\/index.php\/wp-json\/wp\/v2\/pages"}],"about":[{"href":"https:\/\/swietyjerzy.elblag.pl\/index.php\/wp-json\/wp\/v2\/types\/page"}],"author":[{"embeddable":true,"href":"https:\/\/swietyjerzy.elblag.pl\/index.php\/wp-json\/wp\/v2\/users\/1"}],"replies":[{"embeddable":true,"href":"https:\/\/swietyjerzy.elblag.pl\/index.php\/wp-json\/wp\/v2\/comments?post=13857"}],"version-history":[{"count":1,"href":"https:\/\/swietyjerzy.elblag.pl\/index.php\/wp-json\/wp\/v2\/pages\/13857\/revisions"}],"predecessor-version":[{"id":13859,"href":"https:\/\/swietyjerzy.elblag.pl\/index.php\/wp-json\/wp\/v2\/pages\/13857\/revisions\/13859"}],"wp:attachment":[{"href":"https:\/\/swietyjerzy.elblag.pl\/index.php\/wp-json\/wp\/v2\/media?parent=13857"}],"curies":[{"name":"wp","href":"https:\/\/api.w.org\/{rel}","templated":true}]}}

<figure class="wp-block-image size-full"><img fetchpriority="high" decoding="async" width="768" height="1024" src="https://swietyjerzy.elblag.pl/wp-content/uploads/2023/12/17.jpg" alt="" class="wp-image-13858" srcset="https://swietyjerzy.elblag.pl/wp-content/uploads/2023/12/17.jpg 768w, https://swietyjerzy.elblag.pl/wp-content/uploads/2023/12/17-225x300.jpg 225w" sizes="(max-width: 768px) 100vw, 768px" /><figcaption class="wp-element-caption">OLYMPUS DIGITAL CAMERA</figcaption></figure>



<p><strong>Klasztor Mniszek Klarysek od Wieczystej Adoracji</strong> istnieje w Elblągu od 1960 roku. Początkowo mieścił się przy ulicy Tczewskiej w jednej z willi. W 1997 roku siostry przeniosły się do klasztoru, przy ulicy Bema, budując nowy klasztor przy średniowiecznym kościele św. Jerzego. Za murami klasztoru żyje kilkanaście sióstr. Decyzja o zostaniu klaryską i wytrwanie w tym postanowieniu nie jest łatwe. Odcięcie się od świata, modlitwa w dzień, a nawet w nocy nie oznacza, że wiarę mamy daną i nie musimy o nią walczyć . Przychodzą także chwile zwątpienia. Trzeba umieć sobie z tym poradzić. Nie każda z sióstr przez tę próbę przechodzi zwycięsko. Pomimo przebywaniu tylko w klasztorze klaryski znają problemy codziennego życia za murami. Otrzymują tradycyjne listy, maile z prośbami o modlitwę. Przeważnie w intencji udanej operacji, o zdrowie dla bliskich, pracę, zgodę w rodzinie. <strong>Siostry zapraszają nie tylko do składania próśb o modlitwę, ale także do wspólnej adorację Najświętszego Sakramentu do kościoła Świętego Jerzego, znajdującego się obok klasztoru. Trwa ona</strong> <strong>od g. 6.00 rano do 20.30</strong>. Jest także możliwość nocnej adoracji. Gdy ktoś się zdecyduje należy skontaktować się z siostrami telefonicznie. Z tej propozycji korzystają nie tylko elblążanie, ale także mieszkańcy innych miast. Modlitwa przed Jezusem Eucharystycznym jest spotkaniem z miłością. W sercu rodzi się radość, odzyskuje się sens życia.<br></p>



<p>Prośby o modlitwę sióstr można przekazać telefonicznie: 55-645-45-15<br>lub przesłać pocztą elektroniczną: http://elblag.klaryski.org/</p>

<p>Klasztor Mniszek Klarysek od Wieczystej Adoracji istnieje w Elblągu od 1960 roku. Początkowo mieścił się przy ulicy Tczewskiej w jednej z willi. W 1997 roku siostry przeniosły się do klasztoru, przy ulicy Bema, budując nowy klasztor przy średniowiecznym kościele św. Jerzego. Za murami klasztoru żyje kilkanaście sióstr. Decyzja o zostaniu klaryską i wytrwanie w tym postanowieniu&#8230;</p>
