{"id":13854,"date":"2023-12-13T15:14:54","date_gmt":"2023-12-13T15:14:54","guid":{"rendered":"https:\/\/swietyjerzy.elblag.pl\/?page_id=13854"},"modified":"2023-12-13T15:14:55","modified_gmt":"2023-12-13T15:14:55","slug":"franciszkanki-rodziny-maryi","status":"publish","type":"page","link":"https:\/\/swietyjerzy.elblag.pl\/index.php\/franciszkanki-rodziny-maryi\/","title":{"rendered":"Franciszkanki Rodziny Maryi"},"content":{"rendered":"\n<figure class=\"wp-block-image size-large\"><img fetchpriority=\"high\" decoding=\"async\" width=\"1024\" height=\"683\" src=\"https:\/\/swietyjerzy.elblag.pl\/wp-content\/uploads\/2023\/12\/DSC_0123-1024x683.jpg\" alt=\"\" class=\"wp-image-13855\" srcset=\"https:\/\/swietyjerzy.elblag.pl\/wp-content\/uploads\/2023\/12\/DSC_0123-1024x683.jpg 1024w, https:\/\/swietyjerzy.elblag.pl\/wp-content\/uploads\/2023\/12\/DSC_0123-300x200.jpg 300w, https:\/\/swietyjerzy.elblag.pl\/wp-content\/uploads\/2023\/12\/DSC_0123-768x512.jpg 768w, https:\/\/swietyjerzy.elblag.pl\/wp-content\/uploads\/2023\/12\/DSC_0123-1536x1024.jpg 1536w, https:\/\/swietyjerzy.elblag.pl\/wp-content\/uploads\/2023\/12\/DSC_0123-2048x1365.jpg 2048w\" sizes=\"(max-width: 1024px) 100vw, 1024px\" \/><\/figure>\n\n\n\n<p>Siostry Franciszkanki przyby\u0142y do Elbl\u0105ga 1 wrze\u015bnia 1947 roku. Zamieszka\u0142y i rozpocz\u0119\u0142y dzia\u0142alno\u015b\u0107 w domu charytatywnym. Zajmowa\u0142y si\u0119 oko\u0142o 40 ch\u0142opcami, g\u0142\u0119boko upo\u015bledzonymi w wieku od 7 roku \u017cycia.\u00a0Jedna z si\u00f3str katechizowa\u0142a te\u017c w szkole podstawowej i opiekowa\u0142a si\u0119 kaplic\u0105 \u015bw. Jerzego. Oficjalna nazwa plac\u00f3wki za czas\u00f3w komunistycznych brzmia\u0142a: <strong>\u201eZak\u0142ad Specjalny dla Dzieci \u201eCaritas\u201d<\/strong> i mie\u015bci\u0142a si\u0119 przy ul Stalina 8. <\/p>\n\n\n\n<p>Po upadku w\u0142adz komunistycznych Siostry odzyska\u0142y swoj\u0105 w\u0142asno\u015b\u0107 i w dalszym ci\u0105gu opiekuj\u0105 si\u0119 chorymi dzie\u0107mi tylko pod inn\u0105 nazw\u0105 \u2013 <strong>Dom Pomocy Spo\u0142ecznej dla Dzieci Zgromadzenia Si\u00f3str Franciszkanek Rodziny Maryi<\/strong>. Jest to dom dla dzieci niepe\u0142nosprawnych, chorych i kalekich. Do plac\u00f3wki trafiaj\u0105 sieroty lub dzieci opuszczone przez swoich rodzic\u00f3w, kt\u00f3rzy z r\u00f3\u017cnych powod\u00f3w nie s\u0105 w stanie opiekowa\u0107 si\u0119 swoimi dzie\u0107mi. Siostry Franciszkanki wspieraj\u0105 tak\u017ce swoj\u0105 prac\u0105 i pomoc\u0105 wszystkie nasze parafialne przedsi\u0119wzi\u0119cia. Bez nich nasza parafia, nie by\u0142a by tym, czym jest.<\/p>\n","protected":false},"excerpt":{"rendered":"<p>Siostry Franciszkanki przyby\u0142y do Elbl\u0105ga 1 wrze\u015bnia 1947 roku. Zamieszka\u0142y i rozpocz\u0119\u0142y dzia\u0142alno\u015b\u0107 w domu charytatywnym. Zajmowa\u0142y si\u0119 oko\u0142o 40 ch\u0142opcami, g\u0142\u0119boko upo\u015bledzonymi w wieku od 7 roku \u017cycia.\u00a0Jedna z si\u00f3str katechizowa\u0142a te\u017c w szkole podstawowej i opiekowa\u0142a si\u0119 kaplic\u0105 \u015bw. Jerzego. Oficjalna nazwa plac\u00f3wki za czas\u00f3w komunistycznych brzmia\u0142a: \u201eZak\u0142ad Specjalny dla Dzieci \u201eCaritas\u201d i&#8230;<\/p>\n","protected":false},"author":1,"featured_media":0,"parent":0,"menu_order":0,"comment_status":"closed","ping_status":"closed","template":"","meta":{"_tbt_post_transparent":"","_tbt_post_title":"","_tbt_post_layout":"","_tbt_post_sidebar_id":"","_tbt_post_content_style":"","_tbt_post_vertical_padding":"","_tbt_post_feature":"","_tbt_post_feature_position":"","_tbt_post_header":false,"_tbt_post_footer":false},"class_list":["post-13854","page","type-page","status-publish","hentry"],"_links":{"self":[{"href":"https:\/\/swietyjerzy.elblag.pl\/index.php\/wp-json\/wp\/v2\/pages\/13854","targetHints":{"allow":["GET"]}}],"collection":[{"href":"https:\/\/swietyjerzy.elblag.pl\/index.php\/wp-json\/wp\/v2\/pages"}],"about":[{"href":"https:\/\/swietyjerzy.elblag.pl\/index.php\/wp-json\/wp\/v2\/types\/page"}],"author":[{"embeddable":true,"href":"https:\/\/swietyjerzy.elblag.pl\/index.php\/wp-json\/wp\/v2\/users\/1"}],"replies":[{"embeddable":true,"href":"https:\/\/swietyjerzy.elblag.pl\/index.php\/wp-json\/wp\/v2\/comments?post=13854"}],"version-history":[{"count":1,"href":"https:\/\/swietyjerzy.elblag.pl\/index.php\/wp-json\/wp\/v2\/pages\/13854\/revisions"}],"predecessor-version":[{"id":13856,"href":"https:\/\/swietyjerzy.elblag.pl\/index.php\/wp-json\/wp\/v2\/pages\/13854\/revisions\/13856"}],"wp:attachment":[{"href":"https:\/\/swietyjerzy.elblag.pl\/index.php\/wp-json\/wp\/v2\/media?parent=13854"}],"curies":[{"name":"wp","href":"https:\/\/api.w.org\/{rel}","templated":true}]}}

<figure class="wp-block-image size-large"><img fetchpriority="high" decoding="async" width="1024" height="683" src="https://swietyjerzy.elblag.pl/wp-content/uploads/2023/12/DSC_0123-1024x683.jpg" alt="" class="wp-image-13855" srcset="https://swietyjerzy.elblag.pl/wp-content/uploads/2023/12/DSC_0123-1024x683.jpg 1024w, https://swietyjerzy.elblag.pl/wp-content/uploads/2023/12/DSC_0123-300x200.jpg 300w, https://swietyjerzy.elblag.pl/wp-content/uploads/2023/12/DSC_0123-768x512.jpg 768w, https://swietyjerzy.elblag.pl/wp-content/uploads/2023/12/DSC_0123-1536x1024.jpg 1536w, https://swietyjerzy.elblag.pl/wp-content/uploads/2023/12/DSC_0123-2048x1365.jpg 2048w" sizes="(max-width: 1024px) 100vw, 1024px" /></figure>



<p>Siostry Franciszkanki przybyły do Elbląga 1 września 1947 roku. Zamieszkały i rozpoczęły działalność w domu charytatywnym. Zajmowały się około 40 chłopcami, głęboko upośledzonymi w wieku od 7 roku życia. Jedna z sióstr katechizowała też w szkole podstawowej i opiekowała się kaplicą św. Jerzego. Oficjalna nazwa placówki za czasów komunistycznych brzmiała: <strong>„Zakład Specjalny dla Dzieci „Caritas”</strong> i mieściła się przy ul Stalina 8. </p>



<p>Po upadku władz komunistycznych Siostry odzyskały swoją własność i w dalszym ciągu opiekują się chorymi dziećmi tylko pod inną nazwą – <strong>Dom Pomocy Społecznej dla Dzieci Zgromadzenia Sióstr Franciszkanek Rodziny Maryi</strong>. Jest to dom dla dzieci niepełnosprawnych, chorych i kalekich. Do placówki trafiają sieroty lub dzieci opuszczone przez swoich rodziców, którzy z różnych powodów nie są w stanie opiekować się swoimi dziećmi. Siostry Franciszkanki wspierają także swoją pracą i pomocą wszystkie nasze parafialne przedsięwzięcia. Bez nich nasza parafia, nie była by tym, czym jest.</p>

<p>Siostry Franciszkanki przybyły do Elbląga 1 września 1947 roku. Zamieszkały i rozpoczęły działalność w domu charytatywnym. Zajmowały się około 40 chłopcami, głęboko upośledzonymi w wieku od 7 roku życia. Jedna z sióstr katechizowała też w szkole podstawowej i opiekowała się kaplicą św. Jerzego. Oficjalna nazwa placówki za czasów komunistycznych brzmiała: „Zakład Specjalny dla Dzieci „Caritas” i&#8230;</p>
