{"id":13771,"date":"2023-12-13T10:36:04","date_gmt":"2023-12-13T10:36:04","guid":{"rendered":"https:\/\/swietyjerzy.elblag.pl\/?page_id=13771"},"modified":"2023-12-15T08:46:27","modified_gmt":"2023-12-15T08:46:27","slug":"kult-milosierdzia-bozego","status":"publish","type":"page","link":"https:\/\/swietyjerzy.elblag.pl\/index.php\/kult-milosierdzia-bozego\/","title":{"rendered":"Kult Mi\u0142osierdzia Bo\u017cego w Elbl\u0105gu"},"content":{"rendered":"\n<figure class=\"wp-block-image size-large\"><img fetchpriority=\"high\" decoding=\"async\" width=\"1024\" height=\"920\" src=\"https:\/\/swietyjerzy.elblag.pl\/wp-content\/uploads\/2023\/12\/inspiratio-dei-1024x920.jpg\" alt=\"\" class=\"wp-image-13772\" srcset=\"https:\/\/swietyjerzy.elblag.pl\/wp-content\/uploads\/2023\/12\/inspiratio-dei-1024x920.jpg 1024w, https:\/\/swietyjerzy.elblag.pl\/wp-content\/uploads\/2023\/12\/inspiratio-dei-300x269.jpg 300w, https:\/\/swietyjerzy.elblag.pl\/wp-content\/uploads\/2023\/12\/inspiratio-dei-768x690.jpg 768w, https:\/\/swietyjerzy.elblag.pl\/wp-content\/uploads\/2023\/12\/inspiratio-dei-1536x1379.jpg 1536w, https:\/\/swietyjerzy.elblag.pl\/wp-content\/uploads\/2023\/12\/inspiratio-dei-2048x1839.jpg 2048w\" sizes=\"(max-width: 1024px) 100vw, 1024px\" \/><\/figure>\n\n\n\n<p><strong>Dla nowej to\u017csamo\u015bci parafii \u015bw. Jerzego bardzo wa\u017cny jest rodz\u0105cy si\u0119 tu kult Mi\u0142osierdzia Bo\u017cego. Du\u017ca w tym zas\u0142uga ks. Wojciuka.<\/strong> Ju\u017c w dniu prymicji w Wil\u00adnie jako prezent otrzyma\u0142 kopi\u0119 obrazu Chrystusa Mi\u0142osiernego autorstwa Eugeniusza Kazimirowskiego. Obraz jest sygnowany i jest wiernym odbiciem pierwszego dzie\u0142a s. Faustyny i ks. Sopocki. Rodzina ks. Wojciuka przechowuje we wspomnieniach in\u00adformacje, \u017ce w zburzonej kamienicy, w kt\u00f3rej mieszkali w okresie ko\u0144ca wojny, obraz nie uleg\u0142 zniszczeniu. Z ty\u0142u, na ramie widnieje dobrze zachowany napis: \u201eObraz ofia\u00adrowany ks. kanonikowi Mieczys\u0142awowi Wojciukowi w dniu jego \u015bwi\u0119ce\u0144 kap\u0142a\u0144skich dn. 17.03.1945 w Wilnie\u201d. W\u015br\u00f3d kilku zachowanych zdj\u0119\u0107 z pracy ks. Wojciuka w Oszmianach jedno przedstawia wn\u0119trze plebanii, gdzie w\u015br\u00f3d o\u015bmiu os\u00f3b, kt\u00f3re towarzysz\u0105 ksi\u0119dzu, na \u015bcianie wida\u0107 obraz Chrystusa Mi\u0142osiernego. Nie mo\u017cna jed\u00adnak jednoznacznie ustali\u0107 czy jest to ten sam obraz, kt\u00f3ry namalowa\u0142 Kazimirowski. W Elbl\u0105gu wisia\u0142 w gabinecie ksi\u0119dza na pierwszym pi\u0119trze przy ul. Piechoty. Zasad\u00adniczo nie by\u0142 wystawiany na widok publiczny, nie by\u0142 te\u017c przedmiotem kultu czy czci. Wyj\u0105tkiem by\u0142 Wielki Czwartek, kiedy to &#8211; wed\u0142ug relacji Anny Or\u0142owskiej &#8211; wysta\u00adwiany by\u0142 w ko\u015bciele \u015bw. Jerzego. W domu Wojciuka mia\u0142 on warto\u015b\u0107 sentymentaln\u0105 ale i pierwszoplanow\u0105. W ko\u015bciele przy ul. Bema kr\u00f3lowa\u0142a za\u015b MB Ostrobramska i \u015bw. Jerzy.<br><br>Koronka do mi\u0142osierdzia i siostra Faustyna by\u0142y na cenzurowanym. Z drugiej strony kult ten by\u0142 faktem i cieszy\u0142 si\u0119 du\u017c\u0105 estym\u0105. Wed\u0142ug relacji ks. Stanis\u0142awa Gu\u0142y, Elbl\u0105g odwiedzi\u0142 ks. Micha\u0142 Sopo\u0107ko. Wojciukowi by\u0142 on dobrze znany. Mia\u0142 z nim wyk\u0142ady z homiletyki na Uniwersytecie w Wilnie. W semestrze 1938\/39 zda\u0142 u niego egzamin na czw\u00f3rk\u0119. Kiedy ks. Sopo\u0107ko przyby\u0142 pierwszy raz do Elbl\u0105ga? Czy mog\u0142y to by\u0107 jakie\u015b rekolekcje, odpust? Precyzuje to ks. J\u00f3zefczyk, kt\u00f3ry na pocz\u0105tku lat 70. XX w. go\u015bci\u0142 ks. Sopo\u0107k\u0119 na konferencji dekanalnej. Sta\u0142o si\u0119 to wskutek listownej pro\u015bby tego gor\u0105cego czciciela Koronki i siostry Faustyny. P\u00f3\u017a\u00adniej ks. Sopo\u0107ko otrzyma\u0142 te\u017c zaproszenie od innych dziekan\u00f3w. Mia\u0142 on pozwole\u00adnie na szerzenie kultu Mi\u0142osierdzia Bo\u017cego i g\u0142osi\u0142 w ko\u015bcio\u0142ach stosowne kazania. Pr\u00f3by zaszczepienia tego kultu mia\u0142y mie\u0107 miejsce tak\u017ce u oo. Redemptoryst\u00f3w przy ul. Robotniczej. Po \u015bmierci ks. Wojciuka obraz wisia\u0142 u jego siostry mieszkaj\u0105cej przy ul. Hetma\u0144skiej, kt\u00f3ra przekaza\u0142a go parafii i silnie dzia\u0142aj\u0105cej tu grupie pro\u00adpagator\u00f3w Bo\u017cego Mi\u0142osierdzia, w\u015br\u00f3d kt\u00f3rych wybijali si\u0119: p. Pelagia S\u0142omczy\u0144ska z ul. Ko\u015bciuszki i p. Boles\u0142aw Nieczuja-Ostrowski. Ten ostatni twierdzi, \u017ce sta\u0142o si\u0119 to za spraw\u0105 p. Aleksandry Czerwiak z Poznania, kt\u00f3ra przyjecha\u0142a do Elbl\u0105ga w odwiedziny do swojej siostry. Po rozmowie z ks. M. J\u00f3zefczykiem skierowana zosta\u0142a do Nieczui-Ostrowskiego, kt\u00f3ry ju\u017c wtedy znany by\u0142 w mie\u015bcie jako czciciel i propagator siostry Faustyny i Chrystusa Mi\u0142osiernego. Efektem tego spotkania by\u0142a wizyta u ks. Woj\u00adciuka. <em><strong>Uda\u0142em si\u0119 do mojego proboszcza, ksi\u0119dza kanonika Mieczys\u0142awa Wojciuka, z kt\u00f3\u00adrym by\u0142em w za\u017cy\u0142ej przyja\u017ani. Trafi\u0142em dobrze, bo zasta\u0142em go w jego mieszkaniu przy ul. Piechoty. Przedstawi\u0142em mu cel swojego przybycia, a on wskaza\u0142 mi obraz Kr\u00f3la Mi\u00ad\u0142osierdzia wisz\u0105cy na \u015bcianie jego pokoju i powiedzia\u0142: \u201ejest to kopia pierwszego obrazu namalowanego pod dyktando siostry Faustyny przez artyst\u0119 malarza Eugeniusza Kazimirowskiego w Wilnie\u201d<\/strong><\/em>. Obraz przetrwa\u0142 hekatomb\u0119 II wojny \u015bwiatowej, a ks. Wojciuk &#8211; kontynuuje Nieczuja -(&#8230;) <em><strong>ch\u0119tnie zgodzi\u0142 si\u0119 na zapocz\u0105tkowanie czci do Mi\u0142osier\u00addzia Bo\u017cego w naszej parafii<\/strong><\/em>. Obraz wile\u0144ski zosta\u0142 w domu ks. Wojciuka. W ko\u015bciele \u015bw. Jerzego <strong><em>pierwszy obraz Kr\u00f3la Mi\u0142osierdzia by\u0142 oleodrukiem i zosta\u0142 po\u015bwi\u0119cony w czasie jednych z rekolekcji przez kaznodziej\u0119 z zakonu jezuit\u00f3w.<\/em><\/strong> Mog\u0142o to by\u0107 oko\u0142o 1971 roku. <strong><em>Dopiero w roku 1979 zosta\u0142 wprowadzony na sta\u0142e do \u015bwi\u0105tyni, jako dar od tych\u017ce krewnych<\/em><\/strong> (ks. Wojciuka &#8211; AK).<br><br>W archiwum domowym genera\u0142a Nieczui-Ostrowskiego zachowa\u0142a si\u0119 kore\u00adspondencja mi\u0119dzy nim a Aleksandr\u0105 Czerwiak. Listy s\u0105 z 1972 roku. Oddaj\u0105 klimat tamtych lat: przepisywania na maszynie do pisania or\u0119dzi s. Faustyny z \u201eDziennicz\u00adka\u201d, mo\u017cliwo\u015bci drukowania obrazk\u00f3w z wizerunkiem Chrystusa Mi\u0142osiernego, uma\u00adwiania si\u0119 na spotkania, nie za\u0142amywania si\u0119 trudno\u015bciami z szerzeniem tego kultu. <strong><em>Bo nawet ksi\u0119\u017ca jak rozmawia si\u0119 z nimi na temat Mi\u0142osierdzia Bo\u017cego, to p\u0142aka\u0107 mo\u017cna gorzko! Wi\u0119c prosz\u0119 korzysta\u0107, prosz\u0119 u\u015bwiadamia\u0107; z ma\u0142ej iskry rozpali si\u0119 ogie\u0144, id\u017amy w pogo\u0144 za duszami; a ja co tylko zdob\u0119d\u0119 przy\u015bl\u0119 Szanownemu Panu<\/em><\/strong>. Ks. Wojciuk by\u0142 inny. Nie trzeba by\u0142o go przekonywa\u0107. Pomimo dekretu Kongregacji \u015awi\u0119tego Oficjum wykluczaj\u0105cego mo\u017cliwo\u015b\u0107 \u015bwi\u0119ta Mi\u0142osierdzia Bo\u017cego i braku akcepta\u00adcji co do wiarygodno\u015bci objawie\u0144 siostry Faustyny, godzi si\u0119 on na uroczysto\u015bci 10 kwietnia 1972 roku. Poprzedzone by\u0142y one kilkudniow\u0105 nowenn\u0105 do Bo\u017cego Mi\u0142osierdzia w ko\u015bciele \u015bw. Jerzego. Preludium niedzielne by\u0142o na Mszy \u015bw. m\u0142odzie\u00ad\u017cowej o godz. 9.00. Modlono si\u0119 wtedy o beatyfikacj\u0119 siostry Faustyny. G\u0142\u00f3wna celebra by\u0142a o godz. 18.00. <strong><em>Msz\u0119 odprawia\u0142 Ks. Kanonik, dawa\u0142 przyk\u0142ady z osobistych prze\u017cy\u0107 jeszcze z okresu okupacji w Wilnie, o \u0142askach otrzymanych za przyczyn\u0105 Mi\u0142o\u00adsierdzia Bo\u017cego<\/em><\/strong>. Po Mszy odczytano nades\u0142ane telegramy od ks. Stefana Kasprzyka z Poznania i siostry Beaty i Aleksandry Czerwiak z \u0141agiewnik, z grobu s. Faustyny. <strong><em>Nast\u0119pnie z polecenia Ks. Kanonika m\u0142ody kleryk z Seminarium Duchownego z Olsztyna odm\u00f3wi\u0142 z wiernymi litani\u0119 do Mi\u0142osierdzia Bo\u017cego, ust\u0119p z \u201eDzienniczka\u201d zako\u0144czo\u00adny koronk\u0105 do Mi\u0142osierdzia Bo\u017cego. Dzia\u0142o si\u0119 to wszystko wobec obrazu Pana Jezusa Mi\u0142osiernego, kt\u00f3ry zawieszony by\u0142 przy o\u0142tarzu od pierwszego dnia nowenny (prywatna w\u0142asno\u015b\u0107 Kanonika z lat wile\u0144skich)<\/em><\/strong>.<br><br>Od tego czasu Koronk\u0119 odmawiano przy okazji zmian tajemnic \u017bywego R\u00f3\u017ca\u0144\u00adca, p\u00f3\u017aniej cz\u0119sto po wieczornych mszach. Potem powo\u0142ano do \u017cycia Gwardi\u0119 Jezusa i Maryi. Zachowa\u0142y si\u0119 zdj\u0119cia obrazu z ko\u015bci\u00f3\u0142ka \u015bw. Jerzego z wotami w kszta\u0142cie serc, krzy\u017cy. Razem wisz\u0105 tak\u017ce wotywne medale. Zdj\u0119cia te maja charakter pobo\u017c\u00adnych obrazk\u00f3w do propagowania kultu mi\u0142osierdzia. Najprawdopodobniej s\u0105 one z pocz\u0105tku lat siedemdziesi\u0105tych, ale chyba ju\u017c po \u015bmierci ks. Wojciuka. Od lutego 1978 roku ks. Janusz Koniec, nast\u0119pca ks. Wojciuka, ustanowi\u0142 sta\u0142e, czwartkowe nabo\u017ce\u0144stwo. Z czasem, gdy pojawi\u0142a si\u0119 mo\u017cliwo\u015b\u0107 wybudowania nowej \u015bwi\u0105tyni (proboszczem by\u0142 wtedy ks. Jan Halberda), ju\u017c podczas po\u015bwi\u0119cenia placu pod bu\u00addow\u0119 28 wrze\u015bnia 1983 roku, m\u00f3wi si\u0119 jako o czym\u015b oczywistym, \u017ce ko\u015bci\u00f3\u0142 b\u0119dzie dedykowany Bo\u017cemu Mi\u0142osierdziu. Po\u015bwi\u0119cenie to by\u0142o poprzedzone trzydniowymi dniami skupienia. Prowadzi\u0142 je gor\u0105cy czciciel Mi\u0142osierdzia pallotyn o. Eugeniusz Piskorek. Po\u015bwi\u0119cenia dokona\u0142 ordynariusz warmi\u0144ski bp Jan Ob\u0142\u0105k. Ostatecznie gdy w\u0142adze pa\u0144stwowe wyda\u0142y pozwolenie na budow\u0119 ko\u015bcio\u0142a, 16.06.1984 roku, sprawa jego tytu\u0142u nie podlega\u0142a dyskusji. By\u0142o nim Mi\u0142osierdzie Bo\u017ce. Obraz ks. Wojciuka znalaz\u0142 ostatecznie zacne miejsce w nowym ko\u015bciele.<br><br>Tekst: ks. Andrzej Kilanowski, <em>Ksi\u0105dz Kanonik Mieczys\u0142aw Wojciuk (1913-1973) : monografia<\/em>, Elbl\u0105g 2015, s. 43-46.<\/p>\n","protected":false},"excerpt":{"rendered":"<p>Dla nowej to\u017csamo\u015bci parafii \u015bw. Jerzego bardzo wa\u017cny jest rodz\u0105cy si\u0119 tu kult Mi\u0142osierdzia Bo\u017cego. Du\u017ca w tym zas\u0142uga ks. Wojciuka. Ju\u017c w dniu prymicji w Wil\u00adnie jako prezent otrzyma\u0142 kopi\u0119 obrazu Chrystusa Mi\u0142osiernego autorstwa Eugeniusza Kazimirowskiego. Obraz jest sygnowany i jest wiernym odbiciem pierwszego dzie\u0142a s. Faustyny i ks. Sopocki. Rodzina ks. Wojciuka przechowuje&#8230;<\/p>\n","protected":false},"author":1,"featured_media":0,"parent":0,"menu_order":0,"comment_status":"closed","ping_status":"closed","template":"","meta":{"_tbt_post_transparent":"","_tbt_post_title":"","_tbt_post_layout":"","_tbt_post_sidebar_id":"","_tbt_post_content_style":"","_tbt_post_vertical_padding":"","_tbt_post_feature":"","_tbt_post_feature_position":"","_tbt_post_header":false,"_tbt_post_footer":false},"class_list":["post-13771","page","type-page","status-publish","hentry"],"_links":{"self":[{"href":"https:\/\/swietyjerzy.elblag.pl\/index.php\/wp-json\/wp\/v2\/pages\/13771","targetHints":{"allow":["GET"]}}],"collection":[{"href":"https:\/\/swietyjerzy.elblag.pl\/index.php\/wp-json\/wp\/v2\/pages"}],"about":[{"href":"https:\/\/swietyjerzy.elblag.pl\/index.php\/wp-json\/wp\/v2\/types\/page"}],"author":[{"embeddable":true,"href":"https:\/\/swietyjerzy.elblag.pl\/index.php\/wp-json\/wp\/v2\/users\/1"}],"replies":[{"embeddable":true,"href":"https:\/\/swietyjerzy.elblag.pl\/index.php\/wp-json\/wp\/v2\/comments?post=13771"}],"version-history":[{"count":4,"href":"https:\/\/swietyjerzy.elblag.pl\/index.php\/wp-json\/wp\/v2\/pages\/13771\/revisions"}],"predecessor-version":[{"id":13928,"href":"https:\/\/swietyjerzy.elblag.pl\/index.php\/wp-json\/wp\/v2\/pages\/13771\/revisions\/13928"}],"wp:attachment":[{"href":"https:\/\/swietyjerzy.elblag.pl\/index.php\/wp-json\/wp\/v2\/media?parent=13771"}],"curies":[{"name":"wp","href":"https:\/\/api.w.org\/{rel}","templated":true}]}}