{"id":13485,"date":"2023-12-01T19:34:30","date_gmt":"2023-12-01T19:34:30","guid":{"rendered":"https:\/\/swietyjerzy.elblag.pl\/?page_id=13485"},"modified":"2026-04-26T04:19:42","modified_gmt":"2026-04-26T04:19:42","slug":"intencje-mszalne","status":"publish","type":"page","link":"https:\/\/swietyjerzy.elblag.pl\/index.php\/intencje-mszalne\/","title":{"rendered":"Intencje mszalne"},"content":{"rendered":"\n<figure class=\"wp-block-table\"><table class=\"has-fixed-layout\"><tbody><tr><td colspan=\"2\"><strong>IV Niedziela Wielkanocna \/ 26 kwietnia 2026 r.<\/strong><\/td><\/tr><tr><td><strong>7.00<\/strong><\/td><td>O nawr\u00f3cenie grzesznik\u00f3w<strong><\/strong><\/td><\/tr><tr><td><strong>7.00<\/strong><\/td><td>\u2020 Zofia, Adam, Bogdan, Ryszard MILCZAREK i zm. z rodz. FOS<\/td><\/tr><tr><td><strong>8.30<\/strong><\/td><td>\u2020 Jerzy PODLECKI \u2013 z okazji ziemskich imienin<\/td><\/tr><tr><td><strong>8.30<\/strong><\/td><td>\u2020 Henryk CHONT (8 r.\u015b.), Marta MA\u0141ECKA (21 r.\u015b.) oraz rodzice z obojga stron<\/td><\/tr><tr><td><strong>10.00<\/strong><\/td><td>\u2020 Maria MARCINKIEWICZ (<strong>21 greg.<\/strong>)<\/td><\/tr><tr><td><strong>10.00<\/strong><\/td><td>\u2020 Jerzy, Anna i Kazimierz \u015aWI\u0104TEK; Helena i Franciszek ADAMSCY<\/td><\/tr><tr><td><strong>11.30<\/strong><\/td><td>\u2020 Leon KARASIEWICZ (<strong>21 greg.<\/strong>)<\/td><\/tr><tr><td><strong>11.30<\/strong><\/td><td>\u2020 Ewa MELLER (1 r.\u015b.)<\/td><\/tr><tr><td><strong>13.00<\/strong><\/td><td>O Bo\u017ce b\u0142og. i potrzebne \u0142aski dla Remigiusza z ok. 17 urodzin<\/td><\/tr><tr><td><strong>13.00<\/strong><\/td><td>\u2020 S\u0142awomir KOWNACKI<\/td><\/tr><tr><td><strong>17.00<\/strong><\/td><td>O Bo\u017ce b\u0142og. i opiek\u0119 MB dla Zdzis\u0142awy (k) w 80 urodziny oraz o \u017cycie wieczne dla rodzic\u00f3w<\/td><\/tr><tr><td colspan=\"2\"><strong>Poniedzia\u0142ek \/ 27 kwietnia 2026 r.<\/strong><\/td><\/tr><tr><td><strong>6.30<\/strong><\/td><td>\u2020 Dusze w czy\u015b\u0107cu cierpi\u0105ce i za konaj\u0105cych<\/td><\/tr><tr><td><strong>6.30<\/strong><\/td><td>\u2020 Maria MARCINKIEWICZ (<strong>22 greg.<\/strong>)<\/td><\/tr><tr><td><strong>6.30<\/strong><\/td><td>O nawr\u00f3cenie grzesznik\u00f3w<\/td><\/tr><tr><td><strong>18.00<\/strong><\/td><td>\u2020 Leon KARASIEWICZ (<strong>22 greg.<\/strong>)<\/td><\/tr><tr><td><strong>18.00<\/strong><\/td><td>\u2020 Stanis\u0142aw TE\u017bYK \u2013 o dar nieba<\/td><\/tr><tr><td colspan=\"2\"><strong>WTOREK \/ 28 kwietnia 2026 r.<\/strong><\/td><\/tr><tr><td><strong>6.30<\/strong><\/td><td>O Bo\u017ce b\u0142og. i opiek\u0119 MB dla Lidii z okazji 79 urodzin<\/td><\/tr><tr><td><strong>6.30<\/strong><\/td><td>O nawr\u00f3cenie grzesznik\u00f3w<\/td><\/tr><tr><td><strong>6.30<\/strong><\/td><td>\u2020 Grzegorz NARKIEWICZ<\/td><\/tr><tr><td><strong>18.00<\/strong><\/td><td>\u2020 Maria MARCINKIEWICZ (<strong>23 greg.<\/strong>)<\/td><\/tr><tr><td><strong>18.00<\/strong><\/td><td>\u2020 Leon KARASIEWICZ (<strong>23 greg.<\/strong>)<\/td><\/tr><tr><td><strong>18.00<\/strong><\/td><td>\u2020 Czes\u0142aw KONOWALSKI (11 r.\u015b.)<\/td><\/tr><tr><td colspan=\"2\"><strong>\u015aRODA \/ 29 kwietnia 2026 r. \/ <\/strong><strong>\u015bw. Katarzyny Siene\u0144skiej<\/strong><\/td><\/tr><tr><td><strong>6.30<\/strong><\/td><td>\u2020 Maria MARCINKIEWICZ (<strong>24 greg.<\/strong>)<strong><em><\/em><\/strong><\/td><\/tr><tr><td><strong>6.30<\/strong><\/td><td>O nawr\u00f3cenie grzesznik\u00f3w<\/td><\/tr><tr><td><strong>6.30<\/strong><\/td><td><strong><em>W intencjach czcicieli MBNP<\/em><\/strong><\/td><\/tr><tr><td><strong>18.00<\/strong><\/td><td>\u2020 Czes\u0142aw MICHALCZUK (1 r.\u015b.)<strong><em><\/em><\/strong><\/td><\/tr><tr><td><strong>18.00<\/strong><\/td><td>\u2020 Leon KARASIEWICZ (<strong>24 greg.<\/strong>)<strong><em><\/em><\/strong><\/td><\/tr><tr><td><strong>18.00<\/strong><\/td><td>\u2020 Stanis\u0142awa (k) (46 r.\u015b.) i Bronis\u0142aw<strong><em><\/em><\/strong><\/td><\/tr><tr><td colspan=\"2\"><strong>CZWARTEK \/ 30 kwietnia 2026 r.<\/strong><\/td><\/tr><tr><td><strong>6.30<\/strong><\/td><td>\u2020 Dusze w czy\u015b\u0107cu cierpi\u0105ce<\/td><\/tr><tr><td><strong>6.30<\/strong><\/td><td>O nawr\u00f3cenie grzesznik\u00f3w<\/td><\/tr><tr><td><strong>18.00<\/strong><\/td><td>\u2020 Maria MARCINKIEWICZ (<strong>25 greg.<\/strong>)<\/td><\/tr><tr><td><strong>18.00<\/strong><\/td><td>\u2020 Leon KARASIEWICZ (<strong>25 greg.<\/strong>)<\/td><\/tr><tr><td colspan=\"2\"><strong>PI\u0104TEK \/ 1 maja 2026 r.<\/strong><\/td><\/tr><tr><td><strong>6.30<\/strong><\/td><td>O pok\u00f3j wieczny dla zmar\u0142ych Si\u00f3str, rodzic\u00f3w Si\u00f3str, krewnych i dobrodziej\u00f3w Zgromadzenia SFRM<strong><\/strong><\/td><\/tr><tr><td><strong>6.30<\/strong><\/td><td>O nawr\u00f3cenie biednych grzesznik\u00f3w<\/td><\/tr><tr><td><strong>18.00<\/strong><\/td><td>\u2020 Leon KARASIEWICZ (<strong>26 greg.<\/strong>)<\/td><\/tr><tr><td><strong>18.00<\/strong><\/td><td>\u2020 Maria MARCINKIEWICZ (<strong>26 greg.<\/strong>)<\/td><\/tr><tr><td><strong>18.00<\/strong><\/td><td>\u2020 Rafa\u0142 CHOJNOWSKI<\/td><\/tr><tr><td colspan=\"2\"><strong>SOBOTA \/ 2 maja 2026 r. \/ <\/strong><strong>\u015bw. Atanazego<\/strong><\/td><\/tr><tr><td><strong>7.00<\/strong><\/td><td>O nawr\u00f3cenie biednych grzesznik\u00f3w<\/td><\/tr><tr><td><strong>7.00<\/strong><\/td><td>\u2020 Izabela BANASIEWICZ (<strong>1 greg.<\/strong>)<\/td><\/tr><tr><td><strong>18.00<\/strong><\/td><td>\u2020 Leon KARASIEWICZ (<strong>27 greg.<\/strong>)<\/td><\/tr><tr><td><strong>18.00<\/strong><\/td><td>\u2020 Maria MARCINKIEWICZ (<strong>27 greg.<\/strong>)<\/td><\/tr><\/tbody><\/table><\/figure>\n","protected":false},"excerpt":{"rendered":"<p>IV Niedziela Wielkanocna \/ 26 kwietnia 2026 r. 7.00 O nawr\u00f3cenie grzesznik\u00f3w 7.00 \u2020 Zofia, Adam, Bogdan, Ryszard MILCZAREK i zm. z rodz. FOS 8.30 \u2020 Jerzy PODLECKI \u2013 z okazji ziemskich imienin 8.30 \u2020 Henryk CHONT (8 r.\u015b.), Marta MA\u0141ECKA (21 r.\u015b.) oraz rodzice z obojga stron 10.00 \u2020 Maria MARCINKIEWICZ (21 greg.) 10.00&#8230;<\/p>\n","protected":false},"author":1,"featured_media":13486,"parent":0,"menu_order":0,"comment_status":"closed","ping_status":"closed","template":"","meta":{"_tbt_post_transparent":"","_tbt_post_title":"","_tbt_post_layout":"","_tbt_post_sidebar_id":"","_tbt_post_content_style":"","_tbt_post_vertical_padding":"","_tbt_post_feature":"","_tbt_post_feature_position":"","_tbt_post_header":false,"_tbt_post_footer":false},"class_list":["post-13485","page","type-page","status-publish","has-post-thumbnail","hentry"],"_links":{"self":[{"href":"https:\/\/swietyjerzy.elblag.pl\/index.php\/wp-json\/wp\/v2\/pages\/13485","targetHints":{"allow":["GET"]}}],"collection":[{"href":"https:\/\/swietyjerzy.elblag.pl\/index.php\/wp-json\/wp\/v2\/pages"}],"about":[{"href":"https:\/\/swietyjerzy.elblag.pl\/index.php\/wp-json\/wp\/v2\/types\/page"}],"author":[{"embeddable":true,"href":"https:\/\/swietyjerzy.elblag.pl\/index.php\/wp-json\/wp\/v2\/users\/1"}],"replies":[{"embeddable":true,"href":"https:\/\/swietyjerzy.elblag.pl\/index.php\/wp-json\/wp\/v2\/comments?post=13485"}],"version-history":[{"count":123,"href":"https:\/\/swietyjerzy.elblag.pl\/index.php\/wp-json\/wp\/v2\/pages\/13485\/revisions"}],"predecessor-version":[{"id":14844,"href":"https:\/\/swietyjerzy.elblag.pl\/index.php\/wp-json\/wp\/v2\/pages\/13485\/revisions\/14844"}],"wp:featuredmedia":[{"embeddable":true,"href":"https:\/\/swietyjerzy.elblag.pl\/index.php\/wp-json\/wp\/v2\/media\/13486"}],"wp:attachment":[{"href":"https:\/\/swietyjerzy.elblag.pl\/index.php\/wp-json\/wp\/v2\/media?parent=13485"}],"curies":[{"name":"wp","href":"https:\/\/api.w.org\/{rel}","templated":true}]}}

<figure class="wp-block-table"><table class="has-fixed-layout"><tbody><tr><td colspan="2"><strong>IV Niedziela Wielkanocna / 26 kwietnia 2026 r.</strong></td></tr><tr><td><strong>7.00</strong></td><td>O nawrócenie grzeszników<strong></strong></td></tr><tr><td><strong>7.00</strong></td><td>† Zofia, Adam, Bogdan, Ryszard MILCZAREK i zm. z rodz. FOS</td></tr><tr><td><strong>8.30</strong></td><td>† Jerzy PODLECKI – z okazji ziemskich imienin</td></tr><tr><td><strong>8.30</strong></td><td>† Henryk CHONT (8 r.ś.), Marta MAŁECKA (21 r.ś.) oraz rodzice z obojga stron</td></tr><tr><td><strong>10.00</strong></td><td>† Maria MARCINKIEWICZ (<strong>21 greg.</strong>)</td></tr><tr><td><strong>10.00</strong></td><td>† Jerzy, Anna i Kazimierz ŚWIĄTEK; Helena i Franciszek ADAMSCY</td></tr><tr><td><strong>11.30</strong></td><td>† Leon KARASIEWICZ (<strong>21 greg.</strong>)</td></tr><tr><td><strong>11.30</strong></td><td>† Ewa MELLER (1 r.ś.)</td></tr><tr><td><strong>13.00</strong></td><td>O Boże błog. i potrzebne łaski dla Remigiusza z ok. 17 urodzin</td></tr><tr><td><strong>13.00</strong></td><td>† Sławomir KOWNACKI</td></tr><tr><td><strong>17.00</strong></td><td>O Boże błog. i opiekę MB dla Zdzisławy (k) w 80 urodziny oraz o życie wieczne dla rodziców</td></tr><tr><td colspan="2"><strong>Poniedziałek / 27 kwietnia 2026 r.</strong></td></tr><tr><td><strong>6.30</strong></td><td>† Dusze w czyśćcu cierpiące i za konających</td></tr><tr><td><strong>6.30</strong></td><td>† Maria MARCINKIEWICZ (<strong>22 greg.</strong>)</td></tr><tr><td><strong>6.30</strong></td><td>O nawrócenie grzeszników</td></tr><tr><td><strong>18.00</strong></td><td>† Leon KARASIEWICZ (<strong>22 greg.</strong>)</td></tr><tr><td><strong>18.00</strong></td><td>† Stanisław TEŻYK – o dar nieba</td></tr><tr><td colspan="2"><strong>WTOREK / 28 kwietnia 2026 r.</strong></td></tr><tr><td><strong>6.30</strong></td><td>O Boże błog. i opiekę MB dla Lidii z okazji 79 urodzin</td></tr><tr><td><strong>6.30</strong></td><td>O nawrócenie grzeszników</td></tr><tr><td><strong>6.30</strong></td><td>† Grzegorz NARKIEWICZ</td></tr><tr><td><strong>18.00</strong></td><td>† Maria MARCINKIEWICZ (<strong>23 greg.</strong>)</td></tr><tr><td><strong>18.00</strong></td><td>† Leon KARASIEWICZ (<strong>23 greg.</strong>)</td></tr><tr><td><strong>18.00</strong></td><td>† Czesław KONOWALSKI (11 r.ś.)</td></tr><tr><td colspan="2"><strong>ŚRODA / 29 kwietnia 2026 r. / </strong><strong>św. Katarzyny Sieneńskiej</strong></td></tr><tr><td><strong>6.30</strong></td><td>† Maria MARCINKIEWICZ (<strong>24 greg.</strong>)<strong><em></em></strong></td></tr><tr><td><strong>6.30</strong></td><td>O nawrócenie grzeszników</td></tr><tr><td><strong>6.30</strong></td><td><strong><em>W intencjach czcicieli MBNP</em></strong></td></tr><tr><td><strong>18.00</strong></td><td>† Czesław MICHALCZUK (1 r.ś.)<strong><em></em></strong></td></tr><tr><td><strong>18.00</strong></td><td>† Leon KARASIEWICZ (<strong>24 greg.</strong>)<strong><em></em></strong></td></tr><tr><td><strong>18.00</strong></td><td>† Stanisława (k) (46 r.ś.) i Bronisław<strong><em></em></strong></td></tr><tr><td colspan="2"><strong>CZWARTEK / 30 kwietnia 2026 r.</strong></td></tr><tr><td><strong>6.30</strong></td><td>† Dusze w czyśćcu cierpiące</td></tr><tr><td><strong>6.30</strong></td><td>O nawrócenie grzeszników</td></tr><tr><td><strong>18.00</strong></td><td>† Maria MARCINKIEWICZ (<strong>25 greg.</strong>)</td></tr><tr><td><strong>18.00</strong></td><td>† Leon KARASIEWICZ (<strong>25 greg.</strong>)</td></tr><tr><td colspan="2"><strong>PIĄTEK / 1 maja 2026 r.</strong></td></tr><tr><td><strong>6.30</strong></td><td>O pokój wieczny dla zmarłych Sióstr, rodziców Sióstr, krewnych i dobrodziejów Zgromadzenia SFRM<strong></strong></td></tr><tr><td><strong>6.30</strong></td><td>O nawrócenie biednych grzeszników</td></tr><tr><td><strong>18.00</strong></td><td>† Leon KARASIEWICZ (<strong>26 greg.</strong>)</td></tr><tr><td><strong>18.00</strong></td><td>† Maria MARCINKIEWICZ (<strong>26 greg.</strong>)</td></tr><tr><td><strong>18.00</strong></td><td>† Rafał CHOJNOWSKI</td></tr><tr><td colspan="2"><strong>SOBOTA / 2 maja 2026 r. / </strong><strong>św. Atanazego</strong></td></tr><tr><td><strong>7.00</strong></td><td>O nawrócenie biednych grzeszników</td></tr><tr><td><strong>7.00</strong></td><td>† Izabela BANASIEWICZ (<strong>1 greg.</strong>)</td></tr><tr><td><strong>18.00</strong></td><td>† Leon KARASIEWICZ (<strong>27 greg.</strong>)</td></tr><tr><td><strong>18.00</strong></td><td>† Maria MARCINKIEWICZ (<strong>27 greg.</strong>)</td></tr></tbody></table></figure>

<p>IV Niedziela Wielkanocna / 26 kwietnia 2026 r. 7.00 O nawrócenie grzeszników 7.00 † Zofia, Adam, Bogdan, Ryszard MILCZAREK i zm. z rodz. FOS 8.30 † Jerzy PODLECKI – z okazji ziemskich imienin 8.30 † Henryk CHONT (8 r.ś.), Marta MAŁECKA (21 r.ś.) oraz rodzice z obojga stron 10.00 † Maria MARCINKIEWICZ (21 greg.) 10.00&#8230;</p>
