{"id":13455,"date":"2023-12-01T18:38:55","date_gmt":"2023-12-01T18:38:55","guid":{"rendered":"https:\/\/swietyjerzy.elblag.pl\/?page_id=13455"},"modified":"2026-04-26T04:20:38","modified_gmt":"2026-04-26T04:20:38","slug":"ogloszenia-duszpasterskie","status":"publish","type":"page","link":"https:\/\/swietyjerzy.elblag.pl\/index.php\/ogloszenia-duszpasterskie\/","title":{"rendered":"Og\u0142oszenia Duszpasterskie"},"content":{"rendered":"\n<p><strong>IV Niedziela Wielkanocy<\/strong><\/p>\n\n\n\n<p><strong>&nbsp;26 kwietnia 2026<\/strong><\/p>\n\n\n\n<p><em>Odpust Mi\u0142osierdzia Bo\u017cego<\/em><\/p>\n\n\n\n<p>1. W dzisiejsz\u0105 niedziel\u0119 Chrystusa Dobrego Pasterza m\u00f3dlmy si\u0119 za kap\u0142an\u00f3w i onowe powo\u0142ania. Zach\u0119camy do studiowania na Wydziale teologii na UWM. w liturgii tego tygodnia wspominamy \u015bw. Katarzyn\u0119 Siene\u0144sk\u0105. Liturgiczne uroczysto\u015b\u0107 MB Kr\u00f3lowej Polski obchodzimy wyj\u0105tkowo 2 maja. Zapraszamy na Msz\u0119 \u015bw. w intencji ojczyzny na godz. 12.00.&nbsp;&nbsp;&nbsp;<\/p>\n\n\n\n<p>2. W poniedzia\u0142ek nieszpory m\u0119\u017cczyzn o godz. 17.30. We wtorek spotkanie modlitewne na plebanii o godz. 16.30. W dniu 1 maja &#8211; I Pi\u0105tek Miesi\u0105ca, spowiadamy o godz. 6.30 i 18.00. Dzieci i m\u0142odzie\u017c zapraszamy na godz. 17.15. B\u0119dzie spowied\u017a, komunia \u015bw.&nbsp; Chorych odwiedzimy wed\u0142ug indywidualnego grafiku ksi\u0119\u017cy. W sobot\u0119 o godz. 7.45 Konferencja Maryjna i zmiana tajemnic \u017bywego R\u00f3\u017ca\u0144ca.&nbsp;&nbsp;<\/p>\n\n\n\n<p>3. Nabo\u017ce\u0144stwo majowe p\u00f3\u0142 godziny przed wieczorn\u0105 msz\u0105 \u015bw. W niedziel\u0119 o godz. 18.00 przy Krzy\u017cu Papieskim w Parku Traugutta.<\/p>\n\n\n\n<p>4. Przed nami d\u0142uga, oby pe\u0142na s\u0142o\u0144ca maj\u00f3wka. W\u015br\u00f3d spacer\u00f3w, wypad\u00f3w turystycznych, grilli (polecamy grillowane warzywa lub kiszk\u0119 ziemniaczan\u0105)&nbsp; \u2013 niech nie zabraknie czasu dla Boga. 1 maja mo\u017cna skorzysta\u0107 z dyspensy ks. Biskupa i spo\u017cywa\u0107 pokarmy mi\u0119sne.<\/p>\n\n\n\n<p>5. W minionym tygodniu odesz\u0142a od nas +Barbara Ciborska-Bieg. Wieczny odpoczynek racz jej da\u0107 Panie\u2026<\/p>\n","protected":false},"excerpt":{"rendered":"<p>IV Niedziela Wielkanocy &nbsp;26 kwietnia 2026 Odpust Mi\u0142osierdzia Bo\u017cego 1. W dzisiejsz\u0105 niedziel\u0119 Chrystusa Dobrego Pasterza m\u00f3dlmy si\u0119 za kap\u0142an\u00f3w i onowe powo\u0142ania. Zach\u0119camy do studiowania na Wydziale teologii na UWM. w liturgii tego tygodnia wspominamy \u015bw. Katarzyn\u0119 Siene\u0144sk\u0105. Liturgiczne uroczysto\u015b\u0107 MB Kr\u00f3lowej Polski obchodzimy wyj\u0105tkowo 2 maja. Zapraszamy na Msz\u0119 \u015bw. w intencji ojczyzny&#8230;<\/p>\n","protected":false},"author":1,"featured_media":13480,"parent":0,"menu_order":0,"comment_status":"closed","ping_status":"closed","template":"elementor_theme","meta":{"_tbt_post_transparent":"","_tbt_post_title":"","_tbt_post_layout":"","_tbt_post_sidebar_id":"","_tbt_post_content_style":"","_tbt_post_vertical_padding":"","_tbt_post_feature":"","_tbt_post_feature_position":"","_tbt_post_header":false,"_tbt_post_footer":false},"class_list":["post-13455","page","type-page","status-publish","has-post-thumbnail","hentry"],"_links":{"self":[{"href":"https:\/\/swietyjerzy.elblag.pl\/index.php\/wp-json\/wp\/v2\/pages\/13455","targetHints":{"allow":["GET"]}}],"collection":[{"href":"https:\/\/swietyjerzy.elblag.pl\/index.php\/wp-json\/wp\/v2\/pages"}],"about":[{"href":"https:\/\/swietyjerzy.elblag.pl\/index.php\/wp-json\/wp\/v2\/types\/page"}],"author":[{"embeddable":true,"href":"https:\/\/swietyjerzy.elblag.pl\/index.php\/wp-json\/wp\/v2\/users\/1"}],"replies":[{"embeddable":true,"href":"https:\/\/swietyjerzy.elblag.pl\/index.php\/wp-json\/wp\/v2\/comments?post=13455"}],"version-history":[{"count":127,"href":"https:\/\/swietyjerzy.elblag.pl\/index.php\/wp-json\/wp\/v2\/pages\/13455\/revisions"}],"predecessor-version":[{"id":14845,"href":"https:\/\/swietyjerzy.elblag.pl\/index.php\/wp-json\/wp\/v2\/pages\/13455\/revisions\/14845"}],"wp:featuredmedia":[{"embeddable":true,"href":"https:\/\/swietyjerzy.elblag.pl\/index.php\/wp-json\/wp\/v2\/media\/13480"}],"wp:attachment":[{"href":"https:\/\/swietyjerzy.elblag.pl\/index.php\/wp-json\/wp\/v2\/media?parent=13455"}],"curies":[{"name":"wp","href":"https:\/\/api.w.org\/{rel}","templated":true}]}}

Ogłoszenia Duszpasterskie

<p><strong>IV Niedziela Wielkanocy</strong></p>



<p><strong>&nbsp;26 kwietnia 2026</strong></p>



<p><em>Odpust Miłosierdzia Bożego</em></p>



<p>1. W dzisiejszą niedzielę Chrystusa Dobrego Pasterza módlmy się za kapłanów i onowe powołania. Zachęcamy do studiowania na Wydziale teologii na UWM. w liturgii tego tygodnia wspominamy św. Katarzynę Sieneńską. Liturgiczne uroczystość MB Królowej Polski obchodzimy wyjątkowo 2 maja. Zapraszamy na Mszę św. w intencji ojczyzny na godz. 12.00.&nbsp;&nbsp;&nbsp;</p>



<p>2. W poniedziałek nieszpory mężczyzn o godz. 17.30. We wtorek spotkanie modlitewne na plebanii o godz. 16.30. W dniu 1 maja &#8211; I Piątek Miesiąca, spowiadamy o godz. 6.30 i 18.00. Dzieci i młodzież zapraszamy na godz. 17.15. Będzie spowiedź, komunia św.&nbsp; Chorych odwiedzimy według indywidualnego grafiku księży. W sobotę o godz. 7.45 Konferencja Maryjna i zmiana tajemnic Żywego Różańca.&nbsp;&nbsp;</p>



<p>3. Nabożeństwo majowe pół godziny przed wieczorną mszą św. W niedzielę o godz. 18.00 przy Krzyżu Papieskim w Parku Traugutta.</p>



<p>4. Przed nami długa, oby pełna słońca majówka. Wśród spacerów, wypadów turystycznych, grilli (polecamy grillowane warzywa lub kiszkę ziemniaczaną)&nbsp; – niech nie zabraknie czasu dla Boga. 1 maja można skorzystać z dyspensy ks. Biskupa i spożywać pokarmy mięsne.</p>



<p>5. W minionym tygodniu odeszła od nas +Barbara Ciborska-Bieg. Wieczny odpoczynek racz jej dać Panie…</p>

<p>IV Niedziela Wielkanocy &nbsp;26 kwietnia 2026 Odpust Miłosierdzia Bożego 1. W dzisiejszą niedzielę Chrystusa Dobrego Pasterza módlmy się za kapłanów i onowe powołania. Zachęcamy do studiowania na Wydziale teologii na UWM. w liturgii tego tygodnia wspominamy św. Katarzynę Sieneńską. Liturgiczne uroczystość MB Królowej Polski obchodzimy wyjątkowo 2 maja. Zapraszamy na Mszę św. w intencji ojczyzny&#8230;</p>
